ors of -1 + h/(-9)*-69?
2, 11
Suppose 5*w = -2*i + 272, -4*i + 268 = -3*w - 328. Suppose 5*t + 3*x - i = 104, -3*t - 4*x = -150. Suppose -4 = -2*n + t. List the prime factors of n.
3
Let d = 587 - 335. Suppose d = 9*a - 5*a. List the prime factors of a.
3, 7
Suppose 55 = 3*r + 52. List the prime factors of r/(-4) - 605/(-20).
2, 3, 5
Let q(m) = -8*m + 257. List the prime factors of q(-19).
409
Suppose 3*w = 2*m + 13550, 11 - 36 = -5*m. List the prime factors of w.
2, 5, 113
Suppose -1403 + 371 = -g. What are the prime factors of g?
2, 3, 43
List the prime factors of 20/1*(5 - -7).
2, 3, 5
Let d = -684 + 1475. What are the prime factors of d?
7, 113
Let j = -338 + 489. Let h be 2 + ((-1260)/3)/(-4). Suppose 2*m = 3*k - h, -3*k - k + j = -m. What are the prime factors of k?
3, 13
Let g = 1989 + -1442. What are the prime factors of g?
547
Let q(v) = v - 22. Let y(r) = -r + 26. Let j(c) = 5*q(c) + 4*y(c). Let f be 3*((-10)/(-6) + 1). List the prime factors of j(f).
2
Let t be (7 + -8)/((-1)/21). What are the prime factors of ((-112)/(-6))/(7/t)?
2, 7
Let z be 525/(-6) + 6/12. Let a = z - -271. What are the prime factors of a?
2, 23
What are the prime factors of 6*-1 + 22 + -10 + 1980?
2, 3, 331
Suppose 58*k - 46*k - 16752 = 0. What are the prime factors of k?
2, 349
Let c(a) = -1 - a**3 + 5*a**2 - 5*a**3 + 0 + 7*a**3. What are the prime factors of c(-4)?
3, 5
Let t(p) be the first derivative of 4*p**2 + 8*p + 1. Suppose -5*h + 31 = -5*x - 14, h = -2*x + 6. List the prime factors of t(h).
2, 3
Let n(v) be the third derivative of v**5/30 + 11*v**4/24 - 3*v**3 + 7*v**2. List the prime factors of n(-8).
2, 11
Suppose 2*k - 220 = -24*i + 20*i, 3*i + 429 = 4*k. List the prime factors of k.
2, 3
Let i(l) = l**3 + 5*l**2 - l + 7. Suppose -2*k = -8, -4*k + k + 17 = -u. Let n be i(u). List the prime factors of n + (-4)/4 + -3.
2
Suppose -8*o + 155 = -229. Suppose 4*n - o = 212. What are the prime factors of n?
5, 13
Let u = -33 + 33. Suppose u*z + 59 = 5*y + 4*z, -3*z + 33 = 3*y. What are the prime factors of y?
3, 5
What are the prime factors of (13/(-26))/(2/(-788))?
197
Suppose -7 = -3*d - 4*m + 51, -2*m = -5*d + 62. Let g be -3 + 4/((-4)/(-3)). Suppose d = -g*a + a. List the prime factors of a.
2, 7
Suppose 4*o - 1447 - 1333 = 0. What are the prime factors of o?
5, 139
Suppose 0*c + 10*c - 5580 = 0. List the prime factors of c.
2, 3, 31
Suppose 4*p - 2397 = 5*q, -5*p + q + 2797 = -215. What are the prime factors of p?
3, 67
List the prime factors of (-13)/(169/(-10918)) + 6/39.
2, 3, 5, 7
Let m be (-456)/(-18) + 1/(-3). Let r = -2 + m. What are the prime factors of r?
23
Let v be (-220)/12 + 1/3. Let w = 25 + v. What are the prime factors of w?
7
Let m(t) = 562*t**2 + 2*t + 1. List the prime factors of m(1).
5, 113
Suppose 5*v - 2*w + w = 32, 5*w = -10. Suppose v*a - a = 100. Suppose -q = -14 - a. What are the prime factors of q?
2, 17
Let w(u) = -u**2 - 4*u + 4. Let s be w(-6). Suppose -153 = -7*d - 181. List the prime factors of -56*-1*d/s.
2, 7
Let d(o) = -o**2 - 7*o - 3. Let b be -1*(-9 - -3) - -2. Suppose -23 = 3*h - 5*w, 1 = -2*h - 3*w - b. What are the prime factors of d(h)?
3
Suppose 11077 = 2*v + 9*v. List the prime factors of v.
19, 53
Let p = 1677 + -823. List the prime factors of p.
2, 7, 61
Suppose -45*x + 26*x + 37810 = 0. List the prime factors of x.
2, 5, 199
Let f = 12 + 7. Suppose -4*l - f = -67. What are the prime factors of l?
2, 3
Suppose 28*f = 31*f + 3852. List the prime factors of (-4)/(-14) + (0 - f/14).
2, 23
Let n = -24 - -24. Suppose u + 260 = 4*m - u, n = 3*m - 2*u - 193. List the prime factors of m.
67
List the prime factors of 2/(-8) + (-2037601)/(-548).
2, 11, 13
Let r(q) = q**2 - 5*q - 2. Let n be r(5). Let s be (-3 - n)*(0 + 2). List the prime factors of (-7)/(7/(-4)) + s.
2
Let g(p) = p + 10 + 7*p - p**2 + 0*p - p. Let w be g(7). Suppose 38 = 4*c + w. What are the prime factors of c?
7
Let x be (106 + -2)/((-1)/(-1)). Suppose v = -v + x. List the prime factors of v.
2, 13
Suppose -130 = -4*h + 7*p - 6*p, -152 = -5*h - 4*p. List the prime factors of h.
2
Let z(a) = a**3 - 12*a**2 - 12*a - 22. What are the prime factors of z(14)?
2, 101
Suppose -2*a + 31 = -183. Let o = 961 + -1012. Let p = a + o. What are the prime factors of p?
2, 7
Suppose -7*t + 2*t - 2*c = -31, -2*t + 7 = -c. Suppose -3*i = -5*n + 10, 3*i + 3 - t = -n. Suppose 3*x - 7*x + 80 = i. What are the prime factors of x?
2, 5
Suppose -2*c = -3*c + 11. Suppose 3*q + 12 = 0, -2*q - 4 - 7 = -w. Suppose c = 2*u + w. What are the prime factors of u?
2
Let s be (-42)/(-35)*80/(-6). Let u = s + 78. What are the prime factors of u?
2, 31
List the prime factors of -8013*10/((-330)/11).
2671
Let l(q) = 3*q**3 - 8*q**2 + 17. Suppose -i + 20 = i - 5*r, -3*r - 11 = -i. List the prime factors of l(i).
2, 3
What are the prime factors of -1 + 149/(-2)*-2?
2, 37
Suppose -99944 - 129291 = -127*p. What are the prime factors of p?
5, 19
Let g = 26 - 13. Let f(d) = -d**2 + 3*d - 4. Let i be f(g). Let u = 187 + i. What are the prime factors of u?
53
Suppose -2*a - 2*j = a - 290, -5*a + 479 = -j. Suppose -2*q - l = -534, 715 + a = 3*q - l. List the prime factors of q.
269
Let p(k) = -5*k - 2. Let d be p(-1). Suppose 11*r - 12*r + d = 0. Suppose r*y - 171 = -4*f, -1 - 14 = -5*f. What are the prime factors of y?
53
Let v(w) be the third derivative of -w**5/120 + 5*w**4/24 + w**3/6 - 3*w**2. Let g(z) be the first derivative of v(z). List the prime factors of g(-13).
2, 3
Suppose 2*j + j - 294 = 0. Suppose -k = k - j. List the prime factors of k.
7
Let s = -31 - -31. Let a(b) = -2*b + 6. List the prime factors of a(s).
2, 3
Suppose 38*v - 35*v = 24. Let a = 80 + v. What are the prime factors of a?
2, 11
Let w be (-2)/((-2)/(-3)) + -23. Let t = -21 - w. Suppose -t*s - x + 180 = 0, -s + 32 + 20 = -3*x. List the prime factors of s.
37
Suppose 4568 = 12*i - 12016. What are the prime factors of i?
2, 691
Let g(p) = -p - 2. Let o be g(-8). Suppose -3*u = -o - 9. What are the prime factors of u?
5
Suppose -4*v + 3*t = -108, v + 5*t - 28 = -v. Suppose -2*y - y = b - 22, -3*y - 3*b + v = 0. What are the prime factors of y?
7
Let v = -458 - 114. List the prime factors of v/(-7) + (-6)/(-21).
2, 41
Let g(c) = c**2 + 11*c - 11. Suppose -5*q = -0*q + 60. Let u be g(q). List the prime factors of 72/60*5*u.
2, 3
Let d(o) = 6*o - 4. Let f be d(2). Let x = 3 + -42. Let v = f - x. What are the prime factors of v?
47
List the prime factors of 1/((-10 - -20)/31630).
3163
Let x be 2*3/(-3)*1 + -45. Let f = x + 87. What are the prime factors of f?
2, 5
Suppose 0*g = 4*v + 3*g - 1793, 0 = 5*g + 25. What are the prime factors of v?
2, 113
Suppose 2197 = 5*u - 648. List the prime factors of u.
569
Let i(j) = j**3 - 2*j**2 - 5*j - 9. Let c be i(6). Suppose 4*a + 463 = -5*z, 624 = -5*z - 2*a + 155. What are the prime factors of 4/(z/c + 1)?
2, 3, 7
Suppose -13*n - 276 = -11*n. Let z = -55 - n. List the prime factors of z.
83
Suppose -5*z + 5 = 0, 4*m - m - 5*z - 1345 = 0. What are the prime factors of m?
2, 3, 5
Suppose -2017 + 3021 = 4*q. List the prime factors of q.
251
Let n(j) = -j**3 - 4*j**2 + 2*j - 2. Let x be n(-4). Suppose -3*s + 24 = -72. Let o = s + x. What are the prime factors of o?
2, 11
Suppose 2*l - 2*u = 306, -l = -7*u + 2*u - 165. Suppose -5*k + 319 = 4*p + 25, -l = -2*p - 4*k. What are the prime factors of p?
71
Let n be 564/(-8) + (-2)/(-4). Let g = -49 - n. What are the prime factors of g?
3, 7
Let m(c) = 3*c**2 - 15*c + 52. What are the prime factors of m(-17)?
2, 587
Let f = -1908 - -4700. List the prime factors of f.
2, 349
What are the prime factors of 3412 - 35/5 - -6?
3, 379
Let l be -2 + 579/(3 - 0). Suppose -5*a + 315 = 5*w, -w = 3*a + 4*w - l. Suppose 5*h + 12 - a = 0. What are the prime factors of h?
2, 5
Let p(o) = 5*o**2 - 3*o + 5. Let d be p(2). Suppose 0 = 2*g - d + 5. What are the prime factors of g/(98/36)*7?
2, 3
Let v(l) = -l + 6. Suppose -2*j + 9 = 1. Let b be v(j). Suppose -4*g - b*f = -10 - 30, 1 = -g + 5*f. What are the prime factors of g?
3
Let x(k) = k + 1. Let v(a) = a**2 - a - 7. Let y(g) = v(g) + 4*x(g). What are the prime factors of y(-7)?
5
Let t(c) = -c**2 - 9*c. Let a be t(-9). Suppose -5*y = -a*y - 80. Let p(h) = 4*h - 17. What are the prime factors of p